 of r(5).
2, 373
Let c(n) = 405*n + 361. List the prime factors of c(15).
2, 1609
Let g = 112 - 108. Suppose 308 = g*l - 208. List the prime factors of l.
3, 43
Suppose -c + 8 = c. Suppose -4*b + 0*b = 5*f + 13, 11 = 2*b - f. What are the prime factors of b/(-12) - (-109)/c?
3
Let g(l) be the second derivative of 5*l**3/2 - l**2/2 + 9*l. What are the prime factors of g(1)?
2, 7
Suppose -3*y = 5*s - 12, 2*y + 5*s = -0*s + 13. Let f be (1 - y)*25/10. Suppose -f*i = -4*i - 59. List the prime factors of i.
59
Suppose -4*z = -3*z - k - 371, 3*z + k = 1093. List the prime factors of z.
2, 3, 61
Suppose 0*v = -2*v + 24. Suppose 5*y + 6*x - 5*x = 0, 2*x = 2*y - v. List the prime factors of (-4*y)/((-16)/24).
2, 3
Suppose n - 4*n - 3*v + 435 = 0, 2*n - 2*v = 294. Let t = 80 - n. List the prime factors of t/8*(-128)/24.
2, 11
Suppose 2*u - 2676 + 960 = -4*o, -5*o + 1720 = 2*u. What are the prime factors of u?
2, 5, 17
Let g(w) = 145*w**3 + 2*w**2 - 4*w + 2. List the prime factors of g(1).
5, 29
Let b(v) = 8*v**2 - v + 1. Let s be b(1). Let o = s + 4. List the prime factors of o.
2, 3
Suppose 0 = 2*a - 2*v - 3950, 5*a - 3*v - 7904 - 1965 = 0. What are the prime factors of a?
2, 17, 29
Suppose 9*t - 4*t - 120 = 0. Let h be (-17 - -23)*(-1)/1. What are the prime factors of ((-16)/h)/2*t?
2
Suppose -275 = -2*j - 5*k + 8*k, -2*j + 296 = 4*k. Let t = j + -20. List the prime factors of t.
2, 61
Let q = -17 + 21. Suppose -5*t + 29 = z, 0*z = -5*z + 4*t. Suppose k + q*k + 42 = z*a, 0 = 3*k + 6. What are the prime factors of a?
2
Suppose -4*p - p + 5*z = -350, 66 = p - 3*z. Let x(b) = b**2 - b + 117. Let h be x(0). Let f = h - p. What are the prime factors of f?
3, 5
Suppose 4*x - 2*m + 0*m = 142, -3*x - 4*m = -112. Let p be 387/81 + 6/27. Suppose p*o - 4*o = x. List the prime factors of o.
2, 3
Let i(o) be the third derivative of 13*o**4/8 - 61*o**3/6 + 47*o**2. What are the prime factors of i(6)?
173
Suppose 0 = -j + 2*h + 14, -4*j = -0*h + h - 29. Let q(c) = c**2 + c - 24. What are the prime factors of q(j)?
2, 3
Let y = -407 + 400. Let o(z) = -3*z**2 + 11*z + 3*z**2 + 10 + 2*z**2. List the prime factors of o(y).
31
Let p be 14351/7 + (-4)/28. Suppose p = 6*w + 268. What are the prime factors of w?
3, 11
Let p be (-80)/15*(-9)/(-3). Let h = -9 - p. Suppose -155 = 2*q - h*q. What are the prime factors of q?
31
Suppose -5*u = 3*v - 5600, -3*u + 3*v + 4323 - 987 = 0. What are the prime factors of u?
1117
Let d be ((-32)/24)/(37/39 + -1). List the prime factors of (-8 - -26)*d/3.
2, 3, 13
Suppose 5*s = 2*l, 3*s + 0*s + l = 11. Suppose s*j + 2*y - 106 = 0, -4*j + 2*y - 68 = -262. List the prime factors of j.
2, 5
Let q(a) = -5*a**2 + 2*a + 7. Let i(v) = 4*v**2 - v - 6. Let y(c) = -6*i(c) - 5*q(c). Suppose 11 = -5*s + 41. List the prime factors of y(s).
13
Let u(l) = l**2 + 8*l + 8. Let t be u(-6). What are the prime factors of (22/t)/(4/(-16))?
2, 11
Let d(t) = -t**3 + 9*t**2 + 11*t - 15. Let z = 140 - 132. List the prime factors of d(z).
137
Suppose 5*c = -3*b + 21, -3*c - 3*b = -c - 12. List the prime factors of c.
3
Let r = 28 + -20. Let j(s) be the first derivative of s**3/3 - 4*s**2 + 14*s - 68. What are the prime factors of j(r)?
2, 7
Let u(w) = 2*w**2 + 7*w - 55. Let o be u(-16). Let t = -89 + o. What are the prime factors of t?
2
Let f = 21 - 55. Let j be f/(-3 - -1) + 3. Suppose -2*d = -3*o - j, -5*o = -0*d - 3*d + 28. What are the prime factors of d?
2
What are the prime factors of (20/(-75)*36)/(3/(-110))?
2, 11
Let l = -18 - -21. Suppose -343 = -4*y - s, -2*y + 76 = -y - l*s. List the prime factors of y.
5, 17
Let q(g) = g**3 - 4*g**2 + 1. Let a be q(4). What are the prime factors of a/4 + 1/((-4)/(-447))?
2, 7
Let a(i) = -8*i - 46. List the prime factors of a(-14).
2, 3, 11
Let g(i) = -i**2 + 0*i - 6*i + 6*i + 3. Let b be g(0). Suppose 125 = b*f + 23. What are the prime factors of f?
2, 17
Suppose 0 = 34*a - 48*a + 6090. What are the prime factors of a?
3, 5, 29
Suppose -3*u = 2*q - 2125, -q + 844 = 5*u - 2700. List the prime factors of u.
709
Suppose -659 - 2448 = -13*v. List the prime factors of v.
239
Suppose 3*h + 2*o = 5325, -h + 1642 + 133 = -5*o. What are the prime factors of h?
5, 71
Let q(u) = u - 3. Let d be q(-5). Let b(j) = j**3 + 8*j**2 - 9*j + 12. What are the prime factors of b(d)?
2, 3, 7
Suppose -2*z - 3*n + 340 + 1741 = 0, 5*n = z - 1034. What are the prime factors of z?
1039
Let x(n) = -43*n + 2. Let i(z) = -z**3 + 6*z**2 + 8*z - 6. Let y be i(7). Let p be x(y). Let r = 58 + p. List the prime factors of r.
17
Suppose 3*z + 4*l + 12 = -1, 3*z - 3*l + 48 = 0. Let u(k) = -k**2 - 14*k + 24. Let n be u(z). List the prime factors of n - (-2 + 4 + 1).
2, 3
Let b be (-3 + 3)/(-1 + 2). Suppose b = -3*l - 9 - 3, 0 = 4*d + l - 568. What are the prime factors of d?
11, 13
Let a(s) = -s**3 + 5*s**2 + 4*s + 1. Suppose -35 = -12*g + 25. What are the prime factors of a(g)?
3, 7
Let n = 198 + 13. List the prime factors of n.
211
Suppose 12*j - 16779 = 30105. What are the prime factors of j?
3907
Let o = 209 + -211. Suppose -3*v = -3*b, -2*b - b - 4 = -v. List the prime factors of (65 - b) + 2/o.
2, 3, 11
Let c(b) = b + 11. Let j be 1/((-7)/3 + 2). Let y be c(j). List the prime factors of (-1*6)/(y/(-56)).
2, 3, 7
Let k(m) be the third derivative of m**4/6 - 2*m**3 - 26*m**2. Suppose t = 2*c - 22, 6 = c + t - 2. What are the prime factors of k(c)?
2, 7
Let d(q) = -335*q**3 - 4*q**2 - 3*q + 2. What are the prime factors of d(-2)?
2, 167
Let f = 3 - 53. Let u = 78 + f. What are the prime factors of u?
2, 7
Suppose -4*t + 5322 = 3*s, 5*s + t - 5025 = 3845. What are the prime factors of s?
2, 887
Suppose 21*a = 16*a - 2360. List the prime factors of 6/4*-5*a/60.
59
Let o = 17 + -29. List the prime factors of (-2 - -117)*(-7)/(105/o).
2, 23
Suppose 0 = -5*j - 3*l + 24, 3*j + 2*l - 6 = 3*l. Suppose -2*m - 40 = -j*z, -2*m = -3 + 1. List the prime factors of z.
2, 7
Suppose -4*s + 532 = 3*l, -7*l + 2*l - 630 = -5*s. What are the prime factors of s?
2, 5, 13
Let u(y) = 39*y - 10*y + y + 2*y + 40. List the prime factors of u(5).
2, 5
List the prime factors of 13/((-78)/(-492)) - 0.
2, 41
Let s = -99 + 65. Let h = s - -3. Let c = h - -49. List the prime factors of c.
2, 3
Let k be (-28)/21*(-18)/8. Suppose k*z - 123 = 198. What are the prime factors of z?
107
Let h(t) = 43*t**2 - t - 1. Suppose -35 = -3*z - 32. List the prime factors of h(z).
41
Suppose -3*j - 3*j = -786. Let h = j - 68. What are the prime factors of h?
3, 7
Let h(f) be the second derivative of f**3/6 - 7*f**2/2 + 5*f. Let x be h(8). What are the prime factors of (7 - x)/1 - 1?
5
Let v = 4 + 7. Let h = v - 17. List the prime factors of -14*(h/(-4))/(-3).
7
Suppose -4*i = -3*i - 3. Let t = 5 - i. Suppose -4*x + 185 = -q, 4*x - 136 = x - t*q. List the prime factors of x.
2, 23
List the prime factors of (-105)/(-10 - (-557)/56).
2, 5, 7
What are the prime factors of 157/2 + 48/(-96)?
2, 3, 13
Let s be 2/(2/(-6)*2). Let f(o) = 2*o**2 + 4*o - 1. Let j be f(s). Suppose 5*k = 3*t - 7*t + 97, -120 = -5*t - j*k. List the prime factors of t.
23
Let v(g) = 2*g**2 - 2. Let c be v(8). Suppose 0*s - 4*d = -s + 66, -c = -2*s + 2*d. What are the prime factors of s?
2, 31
Let s(c) = 3*c**3 - 2*c**2 + 2*c - 1. Let r be s(1). Let k(w) = -w**2 + w. Let d be k(0). Suppose r*p - 3*o = -2*p + 120, -3*o = d. List the prime factors of p.
2, 3, 5
Let a = -17 - 147. List the prime factors of 2/(2*(-4)/a).
41
Let x(k) = -9*k**3 + 15*k**2 + 17*k + 19. Let s(c) = -13*c**3 + 22*c**2 + 25*c + 28. Let d(r) = 5*s(r) - 7*x(r). List the prime factors of d(-3).
2, 11
Suppose 238 + 482 = 16*v. List the prime factors of v.
3, 5
Let a(m) = m**3 - 10*m**2 - 11*m + 1. Let s be a(11). Suppose h - 63 = -p, 10 - s = 3*h. What are the prime factors of p?
2, 3, 5
Suppose 6*s - 28 = -s. Suppose -s*o + 320 = 4*r, o - 4*r - 219 = -2*o. List the prime factors of o.
7, 11
Let w(x) = -x**3 + 11*x**2 - 22*x + 18. What are the prime factors of w(8)?
2, 17
Suppose 10*r - 2761 = 589. List the prime factors of r.
5, 67
Let u be 17/68 - (-15)/4. Let h be (u/6)/((-18)/(-729)). Let g = h - -23. What are the prime factors of g?
2, 5
Suppose -4*w = -14 - 38. Suppose 12 = 5*u - w. List the prime factors of u.
5
Suppose -4*m - 4*h + 319 = -341, h + 640 =